*t**2 - 11*t - 10. Let x be v(12). Let i(f) = 3*f**2 - 7*f + f**x - 23 + 21 + f**3. What is i(-5)?
8
Let s(q) = 4*q - 4. Suppose 0 = 5*n - 5*z - 25, 0 = 5*n + 6*z - 7*z - 25. Calculate s(n).
16
Let a(r) = -r + 1. Let b(d) = -2*d + 7. Let j(u) = -u**3 + 3*u**2 - 2*u + 3. Let w be j(2). Suppose 5*f + 7 - 2 = 0. Let l(p) = f*b(p) + w*a(p). Give l(-3).
-1
Let c(k) = k**2 - 11*k - 1. Let g be c(12). Let p(t) = t - 19 + g + 6. Calculate p(3).
1
Let d(z) be the first derivative of z**2/2 + z + 1. Let a(w) = -w**3 + 10*w**2 - 12*w - 2. Let l be a(2). Determine d(l).
7
Let y(i) = 6*i + 9. Let l(g) = -12*g - 19. Let s(f) = 2*l(f) + 5*y(f). Let v(n) = -11*n - 14. Let x(z) = -7*s(z) - 4*v(z). Determine x(-5).
-3
Let l(d) be the second derivative of -d**4/12 + 5*d**3/3 + 5*d**2 - 6*d + 7. Give l(11).
-1
Suppose 0 = -4*m - 5*k + k + 20, 0 = 4*m - 2*k - 38. Suppose 25 = m*y + 97. Let j(i) = i**2 + 7*i - 12. Give j(y).
6
Let i be (1 + 5)*(102/18 + -5). Suppose -5*m - 4*b - 35 = 0, i*m + 21 = m + 3*b. Let h(x) = -x**2 - 7*x + 2. Calculate h(m).
2
Let a(t) = 3*t + 1. Suppose 0 = -3*s - b - 26, 3*b - 40 = 2*s - 2*b. Let d be 12/s*(-40)/24. Suppose w + d = -0. Determine a(w).
-5
Let y(o) = o**2 - 14*o. Let j(d) = 3*d + 124. Let g be j(-37). Determine y(g).
-13
Let a(c) = 8*c**2 - 3*c**2 + 3 - 3*c - 9*c**3 + 2*c**3 + 6*c**3. Let q be a(2). Let o(y) = 2*y - 12. Determine o(q).
6
Let d = -11 + 1. Let n = 10 + d. Let m(j) = j**3 + j - 11. Calculate m(n).
-11
Suppose -3*w - 27 = -2*n - 33, -10 = 2*n - 5*w. Let f(u) = u - 22. Determine f(n).
-22
Let d(p) = 4*p**2 + 12*p - 2. Suppose 2*a = -10*a - 36. Give d(a).
-2
Let i = -3053 + 3060. Let q(y) = -6 - 7*y**2 + 0*y + 3*y - 2*y + y**3 + 0*y**3. Determine q(i).
1
Let b be (-108)/(-28) - 4/(-28). Let c(a) be the third derivative of 0 + 1/3*a**3 - 1/12*a**4 + 0*a - 5*a**2. Give c(b).
-6
Let r(s) = -5*s - 8. Let g(u) = -2*u + 3. Let a be g(1). Let d(n) = -n. Let f(z) = a*r(z) - 3*d(z). Suppose -5*v = 2*t - 2*v + 27, 5*t = 5*v - 5. What is f(t)?
4
Let y(k) = 3 - 3*k - 2*k - 3*k**2 + 4*k**2. Let a be -2*(-2)/4 + (-108)/18. Let o(m) = m**2 - 5*m + 4. Let v(c) = a*o(c) + 6*y(c). Calculate v(6).
4
Let a(h) = -h - 17. Let v be a(-10). Let b(o) be the first derivative of o**3/3 + 5*o**2/2 - 4*o - 110. What is b(v)?
10
Let o(c) be the third derivative of -c**6/360 - c**5/20 + 5*c**4/12 - 33*c**2. Let a(u) be the second derivative of o(u). Determine a(-5).
4
Let o(w) = -w**3 + 4*w**2 + 3*w - 6. Let l be o(4). Let f be (1 + 1)/(-5 + l). Let t(x) = -2*x**2 + 6*x**f + x**3 + 3*x + 2 + 2*x. What is t(-3)?
-4
Suppose -5*p + 3*p - 12 = 0. Let j = -32 + 35. Let g(z) = -j*z**3 + 4 + 5*z**2 + z**2 + 0*z**2 + 4*z**3. Determine g(p).
4
Let m(y) = 2 - 20426*y + 0 + 20424*y. Give m(-11).
24
Let b(h) = -3*h**2 - 3*h + 5. Let a(q) = 13*q**2 + 11*q - 20. Let r(d) = 2*a(d) + 9*b(d). Let k = -13903 + 13897. Give r(k).
-1
Let v(o) be the second derivative of -2/3*o**3 + 3/2*o**2 + 0 + 1/12*o**4 + 8*o. Determine v(4).
3
Let k(j) = 2 + 0 + 0 + 2*j - j**2 + 0. Let n = 924 + -927. Calculate k(n).
-13
Let w(r) = r + 6. Let o be (2/(-1))/(48/240). What is w(o)?
-4
Let v(z) = z - 8. Let h(q) = q**3 + 8*q**2 + 16*q + 15. Let l(r) = r**2 + 8*r + 10. Let p be l(-4). Let x be h(p). Give v(x).
-17
Let k = -122 + 176. Let f be 2/(24/k*3/(-2)). Let y(x) = -x**2 + x. What is y(f)?
-12
Let k(b) be the second derivative of b**3/6 - 2*b**2 + 6*b. Suppose 0 = -8*m + 7*m + 4. Determine k(m).
0
Let w(j) = 21*j - 2. Let h(i) = -7*i + 1. Let n(u) = 8*h(u) + 3*w(u). Suppose 26*r + 3 + 8 = -41. Calculate n(r).
-12
Let o(x) be the third derivative of 0 + 0*x + 15*x**2 + 1/6*x**4 - 1/12*x**5 + 2/3*x**3 + 1/120*x**6. Determine o(4).
4
Let r(a) = -11*a**2 + 9*a + 1. Let j(c) = -c**2 + 2*c. Let t(h) = -5*j(h) + r(h). Determine t(1).
-6
Let t(o) = -o + 3. Let v be (2 - -10)*(-2)/(-4). Let f = 9 - v. Suppose 0 = f*u - u - 10. Calculate t(u).
-2
Let n(z) = 4*z. Let s be (-4 - 0)*9/9. Let l be (s/((-4)/2))/2. Let o(c) = -c. Let k(p) = l*n(p) + 5*o(p). What is k(-1)?
1
Let l(g) = -3*g - 20. Let k(o) = 3*o**2 + 131*o - 53. Let h be k(-44). Give l(h).
7
Let c = 9 - 13. Let g be 3*(-3)/((-3)/c). Let o = g + 10. Let r(t) = 3*t**2 + 2*t - 2. What is r(o)?
6
Let a(t) be the third derivative of 1/6*t**3 - 1/8*t**4 + 1/120*t**6 + 0 + 0*t + 18*t**2 - 1/12*t**5. What is a(5)?
-14
Let u(t) be the first derivative of t**7/840 - t**6/90 - t**5/24 + t**4/4 + 4*t**3 + 10. Let p(x) be the third derivative of u(x). Determine p(5).
6
Let v(w) = -3*w**2 - 12*w - 9. Let p = 11 - 18. Let q(b) = -b**2 - 4*b - 3. Let a = -83 + 85. Let u(h) = a*v(h) + p*q(h). What is u(-4)?
3
Let y(m) = -5*m**3 + 8*m**2 + 2*m. Let h(d) = -4*d**3 + 6*d**2 + 2*d. Let x(u) = -6*h(u) + 5*y(u). Determine x(2).
4
Let w = 102 - 57. Let p(u) = -w - u**2 + 26 + 24 - u. Give p(-4).
-7
Let d(z) = z - 8. Let n be (-12 - -11)/(2/(-16)). Give d(n).
0
Let d(z) = -z + 0*z + 2*z**2 - 2 - z**2. Let j(v) = 51*v - 206. Let u be j(4). Determine d(u).
4
Let d = 595 - 592. Let f(n) = -3*n**2 + 6*n - 4. Determine f(d).
-13
Let a(c) = c**3 + 4*c**2 + c - 3. Let o(i) = i. Let f be o(7). Suppose f*q + 18 = q. What is a(q)?
3
Let i(g) = -6*g**3. Let x(a) = -12*a**2 + 19*a**2 - 2*a + a**3 - 1 - 8*a**2. Let r be x(2). Determine i(r).
6
Let t(q) = -q**3 + 6*q**2 - 4*q - 2. Let l(v) = -v**2 - 12*v + 29. Let f be l(-14). Let z be 5 + -2 - -2 - f. What is t(z)?
14
Suppose 4*h + 10 = 3*y, 0 = h + h + 2. Let v(a) = -26*a - 3 - 5*a**y + a**3 + 47*a - 19*a. Calculate v(5).
7
Let d = -3 - -1. Let t(i) be the first derivative of i**6/360 - i**4/12 + 4*i**3/3 - 7. Let u(z) be the third derivative of t(z). Give u(d).
2
Suppose -8 = c - 12. Suppose c*h - 14 = 2*i, h - i = i + 11. Let p(y) = 6*y. Give p(h).
6
Let b(q) = 27*q + 22. Let g(l) = 16*l + 10. Let x(r) = 3*b(r) - 5*g(r). Determine x(-9).
7
Let a be 4 - (1 + (2 - (0 + 1))). Let c(d) = d**a + 3645 - 3645 - 3*d. Give c(4).
4
Let x(d) = -d**3 + 5*d**2 + 9*d - 9. Let q be x(7). Let g = 48 + q. Let c(k) = -2*k + 2. Let j(i) = 1. Let h(m) = c(m) + j(m). Give h(g).
-5
Let z(k) = -k**3 - 14*k**2 - 15*k - 18. Let l(a) = -22*a + 9. Let q be l(1). Give z(q).
8
Suppose 5*r - 22 = 2*w + 8, -2*r + 4*w = -28. Let t(u) = -24*u**3 - 2*u + 4 - r*u**2 - 1 + 25*u**3. Let x(v) = -v**2. Let p(y) = t(y) - 6*x(y). What is p(-3)?
0
Let y(i) = -i + 6. Let g be y(4). Let q be (-1 + 0)*4/(-4). Let p(h) = -q - 120*h + 61*h + 62*h. What is p(g)?
5
Let f = 33 - 26. Suppose f*d - 4*d - 3 = 0. Let h(t) = t**3 - t. Let y(j) = -j**3 + j**2 - 3*j. Let q(p) = 2*h(p) - y(p). Give q(d).
3
Let m(v) = -6*v**3 - 9*v**2 - 29*v + 2. Let z(q) = -5*q**3 - 10*q**2 - 28*q + 3. Let t(y) = 4*m(y) - 5*z(y). What is t(-12)?
-7
Let z(f) = -16*f + 13. Let d(n) = -11*n + 9. Let u(b) = -7*d(b) + 5*z(b). Give u(-5).
17
Suppose -3*m + 5*b - 6 = 0, 3*m + 2*b = -2 + 17. Let d(c) be the first derivative of 3 + 4/3*c**m - 1/4*c**4 + 0*c**2 - 3*c. What is d(4)?
-3
Let b(p) = p**2 + 5*p + 8. Let o = -125 - -119. Determine b(o).
14
Let m(x) = 10*x + 54. Let q(h) = -5*h - 29. Let b(i) = -4*m(i) - 7*q(i). Give b(-8).
27
Let q(a) = -5*a - 3 - 2*a + 5*a. Suppose -7 = 4*u - 31. Suppose c - 4 = -u*t + t, 4*t - 4 = -c. Determine q(c).
-11
Let g(f) = f + 7. Let h(c) = 9*c + 3. Let q be (-4)/(-10) - (-21)/(-15). Let s be h(q). Determine g(s).
1
Let w(r) = r**2 + 10*r - 1. Let u = -604 - -594. Calculate w(u).
-1
Suppose -9 = -3*v - 3. Let p be (3 + 8/(-4))*0. Suppose p*f - 6 = -v*f. Let d(h) = h**3 - 4*h**2 + 3. Determine d(f).
-6
Let v(t) = t**3 + 3*t + 4 + 6 + 1 - 7*t**2 - 12*t. Let f be v(8). Let x(n) = -n**3 + 0*n - f*n + 12 - 13 - 2*n**2. Determine x(-2).
5
Let d(q) = -2*q + 16. Suppose 0 = -5*r - 0*r + 45. Let y be d(r). Let c(s) = -s**3 + 3*s + 3. What is c(y)?
5
Let r(n) = 0 + 4*n + 2*n + 2*n**2 - 2 - n**3 + 2*n**2. Let o = 26 - 22. Suppose o*i - 2*b - 23 = b, i - 3*b - 8 = 0. Calculate r(i).
3
Suppose p = 12 + 11. Let w be 6/15 + p/5. Let v(o) be the second derivative of o**3/3 - 3*o**2/2 - o - 3. What is v(w)?
7
Let q(y) = -y**2 - 16*y - 17. Let a = 920 + -933. What is q(a)?
22
Let u(x) be the first derivative of x**2/2 + 41*x - 212. Determine u(0).
41
Let o(t) = -t**3 + 5*t**2 + 4*t + 7. Suppose 3*s + 7 = -3*k - 2*k, -5*s - 5*k + 5 = 0. What is o(s)?
-5
Suppose 0 = -3*f